 divided by 239?
5
Calculate the remainder when 4862 is divided by 39.
26
What is the remainder when 189965 is divided by 504?
461
Calculate the remainder when 1631 is divided by 379.
115
What is the remainder when 1618 is divided by 103?
73
What is the remainder when 2237 is divided by 600?
437
Calculate the remainder when 483 is divided by 135.
78
Calculate the remainder when 2964939 is divided by 18.
15
What is the remainder when 130480 is divided by 44?
20
What is the remainder when 229469 is divided by 423?
203
What is the remainder when 1391 is divided by 87?
86
What is the remainder when 76812 is divided by 76776?
36
Calculate the remainder when 106005 is divided by 103.
18
What is the remainder when 4737 is divided by 57?
6
What is the remainder when 83692 is divided by 41707?
278
What is the remainder when 705 is divided by 372?
333
Calculate the remainder when 31029 is divided by 6203.
14
What is the remainder when 63274 is divided by 362?
286
What is the remainder when 29984 is divided by 417?
377
Calculate the remainder when 234599 is divided by 575.
574
Calculate the remainder when 13143 is divided by 24.
15
Calculate the remainder when 69546 is divided by 65.
61
What is the remainder when 374227 is divided by 129?
127
What is the remainder when 3832 is divided by 3177?
655
What is the remainder when 34775 is divided by 7?
6
What is the remainder when 34224 is divided by 9?
6
Calculate the remainder when 132801 is divided by 33198.
9
What is the remainder when 3759 is divided by 1680?
399
What is the remainder when 64772 is divided by 3809?
19
What is the remainder when 223690 is divided by 74563?
1
Calculate the remainder when 67623 is divided by 3747.
177
What is the remainder when 25009 is divided by 3568?
33
What is the remainder when 272 is divided by 116?
40
What is the remainder when 25124 is divided by 644?
8
Calculate the remainder when 32822 is divided by 65.
62
What is the remainder when 48652 is divided by 318?
316
What is the remainder when 45913 is divided by 656?
649
What is the remainder when 28858 is divided by 126?
4
Calculate the remainder when 45285 is divided by 732.
633
What is the remainder when 485882 is divided by 83?
0
Calculate the remainder when 6606 is divided by 2195.
21
Calculate the remainder when 5271 is divided by 876.
15
Calculate the remainder when 27743 is divided by 289.
288
What is the remainder when 529 is divided by 475?
54
Calculate the remainder when 388436 is divided by 111.
47
What is the remainder when 4411 is divided by 3879?
532
What is the remainder when 483876 is divided by 82?
76
Calculate the remainder when 2136 is divided by 2099.
37
What is the remainder when 842 is divided by 4?
2
What is the remainder when 3210903 is divided by 1605448?
7
Calculate the remainder when 68642 is divided by 57.
14
Calculate the remainder when 12649 is divided by 964.
117
What is the remainder when 1239 is divided by 217?
154
Calculate the remainder when 4579 is divided by 611.
302
What is the remainder when 6718 is divided by 105?
103
Calculate the remainder when 216803 is divided by 3871.
27
What is the remainder when 43356 is divided by 301?
12
What is the remainder when 43048 is divided by 75?
73
Calculate the remainder when 46008 is divided by 2188.
60
Calculate the remainder when 5075 is divided by 1689.
8
What is the remainder when 21027 is divided by 2626?
19
What is the remainder when 2748 is divided by 27?
21
What is the remainder when 14606 is divided by 281?
275
What is the remainder when 19577 is divided by 26?
25
Calculate the remainder when 1047190 is divided by 114.
100
Calculate the remainder when 2115 is divided by 408.
75
What is the remainder when 9218351 is divided by 312?
311
Calculate the remainder when 682658 is divided by 311.
13
What is the remainder when 2891 is divided by 957?
20
What is the remainder when 16623 is divided by 5536?
15
What is the remainder when 1462 is divided by 52?
6
Calculate the remainder when 13686 is divided by 41.
33
Calculate the remainder when 186 is divided by 116.
70
What is the remainder when 43622 is divided by 153?
17
What is the remainder when 11633 is divided by 220?
193
Calculate the remainder when 2830 is divided by 1379.
72
What is the remainder when 73 is divided by 66?
7
What is the remainder when 9814 is divided by 44?
2
Calculate the remainder when 62605 is divided by 63.
46
Calculate the remainder when 26117 is divided by 20.
17
What is the remainder when 29663 is divided by 122?
17
Calculate the remainder when 1073 is divided by 838.
235
What is the remainder when 76585 is divided by 6962?
3
What is the remainder when 670128 is divided by 223374?
6
What is the remainder when 300678 is divided by 298?
294
Calculate the remainder when 4966 is divided by 1143.
394
Calculate the remainder when 2224 is divided by 27.
10
Calculate the remainder when 49263 is divided by 143.
71
Calculate the remainder when 10778 is divided by 3.
2
Calculate the remainder when 1071301 is divided by 7763.
7
Calculate the remainder when 1401 is divided by 317.
133
What is the remainder when 1582582 is divided by 276?
274
Calculate the remainder when 75054 is divided by 65.
44
Calculate the remainder when 1791931 is divided by 11.
9
Calculate the remainder when 779 is divided by 327.
125
Calculate the remainder when 68976 is divided by 135.
126
Calculate the remainder when 402042 is divided by 147.
144
Calculate the remainder when 9725 is divided by 3014.
683
What is the remainder when 6649 is divided by 143?
71
What is the remainder when 18526 is divided by 85?
81
What is the remainder when 5740 is divided by 261?
259
Calculate the remainder when 1238 is divided by 1168.
70
What is the remainder when 8728 is divided by 74?
70
What is the remainder when 4106 is divided by 30?
26
What is the remainder when 177261 is divided by 258?
15
What is the remainder when 8170 is divided by 141?
133
Calculate the remainder when 8974 is divided by 80.
14
What is the remainder when 22671 is divided by 11334?
3
Calculate the remainder when 410586 is divided by 51.
36
Calculate the remainder when 2372 is divided by 479.
456
What is the remainder when 8455 is divided by 302?
301
What is the remainder when 451838 is divided by 132?
2
What is the remainder when 126854 is divided by 2?
0
What is the remainder when 10512 is divided by 28?
12
What is the remainder when 74455 is divided by 421?
359
Calculate the remainder when 24634 is divided by 71.
68
Calculate the remainder when 116638 is divided by 648.
646
Calculate the remainder when 46168 is divided by 97.
93
What is the remainder when 279060 is divided by 216?
204
What is the remainder when 18179 is divided by 36?
35
What is the remainder when 12334 is divided by 4089?
67
Calculate the remainder when 12238 is divided by 86.
26
Calculate the remainder when 100526 is divided by 101.
31
What is the remainder when 2266 is divided by 379?
371
What is the remainder when 2311 is divided by 5?
1
What is the remainder when 521070 is divided by 9?
6
What is the remainder when 4581953 is divided by 234?
233
What is the remainder when 2489 is divided by 691?
416
What is the remainder when 288131 is divided by 298?
263
What is the remainder when 8286 is divided by 8002?
284
Calculate the remainder when 8420 is divided by 2035.
280
What is the remainder when 48030 is divided by 48017?
13
Calculate the remainder when 31151 is divided by 59.
58
What is the remainder when 93676 is divided by 23393?
104
Calculate the remainder when 12774 is divided by 112.
6
What is the remainder when 448385 is divided by 448379?
6
Calculate the remainder when 376711 is divided by 57.
55
Calculate the remainder when 296417 is divided by 42.
23
What is the remainder when 515 is divided by 30?
5
What is the remainder when 941678 is divided by 147?
143
What is the remainder when 8811 is divided by 796?
55
Calculate the remainder when 39567 is divided by 11.
0
What is the remainder when 5674 is divided by 106?
56
Calculate the remainder when 2206 is divided by 62.
36
Calculate the remainder when 24680 is divided by 6078.
368
What is the remainder when 15708 is divided by 50?
8
What is the remainder when 16512 is divided by 3296?
32
Calculate the remainde